 -z + x. What is the highest common divisor of 23 and z?
23
Let t(a) = -56*a - 125. Let i be t(-7). Let u = 116 + -113. What is the greatest common divisor of i and u?
3
Let a be -1 - 2*-1 - -2. Let i(x) = -44*x**3 + x - 2*x + 26*x**3 + 0 + 21*x**3 - 6 + 3*x**2. Let z be i(a). What is the greatest common divisor of 11 and z?
11
Suppose 0 = 24*s - 180 - 84. Suppose 14 + 13 = t - 3*l, l = -t + s. Calculate the greatest common factor of 225 and t.
15
Suppose 9517 - 10219 = -13*m. What is the highest common divisor of 999 and m?
27
Let b = 14559 - 13524. What is the highest common factor of b and 920?
115
Let l = 133 - 114. Suppose -l*j - 390 = -49*j. Calculate the greatest common factor of 52 and j.
13
Suppose -91 = 4*u - 107. Suppose -k = 5*i - 415, -3*i + 201 = u*k - 31. Calculate the highest common divisor of 21 and i.
21
Let c(s) = -43*s - 104. Let z(v) = v**3 + 24*v**2 + 64*v - 7. Let d be z(-21). Let q be c(d). What is the greatest common divisor of 44 and q?
44
Let c = 1393 + 1620. What is the highest common factor of c and 23?
23
Suppose -2*l - 493 = 33*l - 703. Let j = 69 - 45. What is the greatest common factor of l and j?
6
Let r(j) = 28*j - 8. Let z be r(11). Let w be -2 + (15/(-20))/((-2)/8). Let x(b) = 9*b + 3. Let h be x(w). Calculate the highest common divisor of z and h.
12
Let r = 109 - 105. Suppose 4*i - 28 = -r*p, 3*p - 2*i - 4 = 7. Let v = -42 - -47. Calculate the highest common divisor of p and v.
5
Suppose 15*h = 54 + 36. Let y(q) = -q + 8. Suppose -i + 5*n = 13, n + 7 = -i + 4*n. Let b be y(i). Calculate the highest common divisor of b and h.
6
Suppose -861*y + 7038 = -827*y. What is the greatest common factor of 3565 and y?
23
Let u be (-590)/(-14) + ((-330)/(-210))/(-11). What is the highest common divisor of u and 3052?
14
Let c(l) = 260*l**2 + 17*l + 20. Let h be c(-5). What is the highest common divisor of h and 52?
13
Let t(u) = 22*u - 112. Let o be t(16). Let p be (-6 - -11)*(0 - -1). Suppose -341 = -p*h - 101. Calculate the highest common divisor of o and h.
48
Let v = -475 + 493. Let z(r) = r**3 + 4*r**2 - 7*r - 2. Let y be z(-5). What is the greatest common divisor of v and y?
2
Suppose -358*y = -370*y + 5700. What is the highest common divisor of 175 and y?
25
Let o be ((-812)/(-232))/((-1)/(-16)). Suppose -3*r - o = -6*r - 2*i, 4*r = 3*i + 69. Calculate the highest common factor of 21 and r.
3
Let o be 2/4 - (-164)/8. Suppose 2*z - q - 2*q = 25, 5*z - q - 30 = 0. Suppose -3*w = -14 + z. Calculate the highest common divisor of w and o.
3
Let t be (-5)/20 - (243/12)/(-9). Suppose -2*j + 8 = -3*j + 5*d, -t*d = 2*j - 20. Calculate the greatest common divisor of 1 and j.
1
Suppose -4348 - 896 = -19*c. Suppose 0 = 7*f - 11*f + c. What is the greatest common factor of f and 253?
23
Suppose 0 = 4*k + k - 475. Let d = k - 23. Let s = -2700 + 2718. What is the highest common divisor of s and d?
18
Let h be (-5 + 0)*(-46 + 6 - -3). Suppose -4*o - 3*y - 6 = -h, -103 = -2*o + 3*y. Calculate the greatest common divisor of 94 and o.
47
Suppose -5*u = 2*p - 37, -228*u = -223*u + 4*p - 49. What is the greatest common divisor of 1385 and u?
5
Let g = 7270 - 7082. Let k = 218 + -124. Calculate the highest common divisor of k and g.
94
Let p(y) = 17*y**2 - 81*y + 274. Let r be p(15). Calculate the highest common divisor of 12 and r.
4
Suppose 586 = 132*v - 866. What is the greatest common divisor of 188 and v?
1
Let q = -14940 + 15021. What is the highest common factor of 2547 and q?
9
Let v = -345 - -5710. What is the highest common divisor of v and 370?
185
Suppose -5*c + 5*g - 10 = 0, 5*c + 5 = -2*g - 5. Let x be (c - 31)*6/(-18). Let m be (x - (-4)/(-10)*5) + -3. Calculate the greatest common factor of m and 24.
6
Let y(p) = 71*p - 5. Let w be y(1). Let l = 90 - w. What is the greatest common divisor of 8 and l?
8
Let y be -6*(18275/(-10))/(-17). Let r = y + 681. Calculate the greatest common factor of 60 and r.
12
Suppose 2*n + 3*m = -m + 512, -4*m = -3*n + 808. Suppose -26*g = -n - 724. Calculate the greatest common divisor of 4 and g.
2
Let f(a) = 9*a**2. Let d be f(2). Suppose 0 = 46*n + 51 + 41. Let x be 2 - (134/n - -9). What is the greatest common divisor of d and x?
12
Suppose 3 = -3*n - 0. Let q(i) = 1357*i**2 + 2*i + 1. Let r be q(n). Let x be -1*1 + r/12. What is the greatest common factor of x and 14?
14
Let b be -2*(33/6 + 125/(-2)). What is the greatest common divisor of b and 12350?
38
Suppose -83571 = -332*s + 294*s - 11941. Calculate the greatest common divisor of s and 26.
13
Let y(n) = 4*n + 5*n**2 - 7 - 3*n**2 - n**2 + 0*n**2 + 2*n**2. Let z be y(-5). What is the greatest common divisor of 80 and z?
16
Let d = -29 + 64. Suppose 55 = 7*k + 20. Suppose -12 = -0*l - l + k*j, -l + 8 = -j. What is the highest common divisor of d and l?
7
Suppose 5*d - 8*u = 1445, -3*d = -7*d - 3*u + 1203. What is the greatest common divisor of 759 and d?
33
Suppose 35*s - 173 = 4*s + 137. Calculate the highest common factor of 7190 and s.
10
Let c be 1/3*185 - 2/3. Suppose -c*k = -22*k - 8190. What is the highest common divisor of 14 and k?
14
Let t = 4530 + -750. Calculate the greatest common divisor of t and 14.
14
Let n(c) = c**2 - 4. Let v be n(-5). Let x(d) = d**2 + 11*d + 13. Let h be x(-11). Suppose 0 = 9*r - h*r + 756. What is the greatest common factor of r and v?
21
Suppose -11*y + 8*y = -4*p + 218, 3*p - y = 166. Calculate the highest common factor of 658 and p.
14
Let l = -31 - -47. Suppose 447 + 72 = 2*p + 5*y, -5*p - y = -1309. Suppose 3*m - p = -4*j, 3*j - 3*m + 22 = 208. What is the highest common divisor of l and j?
16
Let m = 173 - 169. Suppose -3*z + 21 = m*z. Calculate the greatest common divisor of 12 and z.
3
Let b be (-72)/(-12)*2/3. Suppose 0*m - b*m + 96 = 0. Suppose 3*w = 2*z - 2*w - 23, 0 = -3*z - w + 9. What is the highest common factor of m and z?
4
Suppose -240 = -3*z + 15. Suppose 3*j = z + 95. Let b = -24 + j. Calculate the greatest common factor of b and 252.
36
Let l = 40 + -38. Let x be l/18 - (-18824)/117. Suppose -4*f - 2*r + 86 = -5*r, 5*f - 3*r = 109. What is the greatest common factor of x and f?
23
Let m = -96 - -102. Let d(n) = n**3 - 4*n**2 - 3*n + 3. Let z be d(5). Let o be m/6*(z - 0). What is the highest common factor of 39 and o?
13
Let s = -1077 - -4850. Calculate the greatest common factor of 11 and s.
11
Let p(n) = n**3 + 18*n**2 + 6*n - 15. Let v be p(-6). Let i = v - 367. What is the greatest common factor of i and 22?
2
Let x(a) = 3*a**2 - 2*a - 1. Let g(v) = -v. Let u(j) = -3*g(j) + x(j). Let w be u(1). Suppose -70 = -w*t + 29. What is the highest common divisor of 66 and t?
33
Let i = -29 + 22. Let a(q) = 3*q**2 - 9*q - 12. Let l be a(i). Let c be (9 + -8)*(-2 + 38)/2. Calculate the greatest common factor of c and l.
18
Let u be (52/39)/(2/3). Let w(n) = 2*n + 6*n - 13*n + 3*n**3 + 5*n**u + 10 - 2*n**3. Let f be w(-6). What is the highest common divisor of 44 and f?
4
Let s = -1141 - -1151. What is the highest common divisor of 58 and s?
2
Let l(y) = -2310*y - 11593. Let u be l(-7). Calculate the highest common divisor of u and 23.
23
Suppose 5*p - 49 = p + y, p - 3*y = 26. Let u = 287084 + -286754. What is the highest common factor of p and u?
11
Let j be (-5 - (-18 - 4))*-15*(-14)/210. Suppose 352 = 4*h - 736. What is the greatest common divisor of j and h?
17
Suppose 3*g - 5*g + 2189 = -d, -20 = 4*d. Calculate the highest common factor of g and 26.
26
Let z be (-6 + 1 - (33 + -36)) + 24/2. Calculate the greatest common divisor of 2990 and z.
10
Let d be (-27)/(-6) - (-1)/(-2). Let z be (3*(-13)/(-2))/((-3)/d). Let p = z + 58. What is the highest common factor of p and 4?
4
Let d(n) be the first derivative of -n**4/4 + 5*n**3/3 - n**2 - 8*n + 12. Let s be d(6). Let g = -41 - s. Calculate the highest common factor of g and 165.
15
Suppose -3*o - 5*h + 1612 = 0, 3*h + 2*h - 1073 = -2*o. Let v = 331 - 282. What is the highest common factor of v and o?
49
Let b be ((-1404)/338)/(9/(-1053)). What is the greatest common factor of 1242 and b?
54
Let b(m) = 2*m**3 - 14*m**2 + 14*m + 14. Let u be b(6). Suppose -4*o - l = -125, 3*o - 31*l = -u*l + 65. Calculate the greatest common factor of o and 70.
10
Suppose -o + 2*u = -130, -4*o + 2*u + 338 + 152 = 0. Calculate the greatest